is the units digit of (-10)/t*1 + 19348/26?
4
Let o be -4 + 324/(-18)*1231/(-3). Let c be o/3 - (-34)/(-51). Suppose 0 = -20*w + 8*w + c. What is the tens digit of w?
0
Let z(h) = h**3 - 15*h**2 - 3*h + 30. Let d be z(14). What is the units digit of 1*51*(-10 + d/(-12))?
4
Let z(i) = 21*i**3 + 4*i**2 - 2*i + 54. What is the tens digit of z(5)?
6
Suppose 12*n + 20400 = 645372. What is the units digit of n?
1
Let k(y) be the first derivative of 89*y**2/2 + 113*y - 98. What is the tens digit of k(5)?
5
Let l(x) = 175*x + 3. Let a be l(4). Let w = a - -338. What is the tens digit of w?
4
Let j = 71 - 65. Suppose 891 = 5*n + j*n. Suppose -4*r = -6*r + 10, -4*r = -l + n. What is the hundreds digit of l?
1
Let w = 21441 + -14302. What is the tens digit of w?
3
What is the ten thousands digit of (40/(-6)*(-1 - -5))/((-10)/11670)?
3
Let x = -588 - -625. Let g = 161 - x. What is the units digit of g?
4
Suppose 686 = -3*c - 1510. Let z = c + 1040. What is the hundreds digit of z?
3
Suppose 0 = 57*d - 69*d + 111156. What is the tens digit of d?
6
Let i(x) = -1037*x + 44. Let s(q) = -q - 1. Let a(m) = -i(m) - 6*s(m). What is the units digit of a(1)?
5
Let b(m) = -349*m - 718. What is the units digit of b(-5)?
7
Let w = -208 + 235. Suppose -w*m = -5*m - 8426. What is the hundreds digit of m?
3
Let b(q) = -1238*q**3 + 3*q**2 + 28*q + 27. What is the thousands digit of b(-3)?
3
Let m(v) = -8*v**2 - 2*v**2 - 21 + 2 + v**3 - 25 - v. What is the tens digit of m(13)?
5
Let o(b) = -b**3 - 37*b**2 + 78*b - 16. Let r be o(-39). What is the hundreds digit of (-10)/80 + (1 - 10562/r)?
6
What is the units digit of (1 + 0)/(2*27466/10986 - 5)?
3
Let o(x) = -x - 14. Suppose 15 = -3*m, z - 3*m - 27 = 3*z. Let j be o(z). Let h = j - -68. What is the units digit of h?
0
Let p(d) be the third derivative of d**6/60 - 13*d**5/60 + 13*d**4/12 - 10*d**3/3 - 23*d**2 - 1. What is the units digit of p(7)?
1
Let v be 6/16 + 33/(-24) + -243. Let r = v + 346. What is the units digit of r?
2
Suppose 15024 = 20*l - 8*l. Suppose m - 629 = -w, 2*w - m + 6*m = l. What is the units digit of w?
1
Let x = 575 + -577. What is the hundreds digit of ((-40393)/186 - x/12)*-1?
2
Let o(a) be the first derivative of 2*a**3/3 + 15*a**2 - 41*a - 76. What is the tens digit of o(-23)?
2
Let u be ((-4845)/(-10) - (5 + -2))*18. Suppose -2477 = -28*c + u. What is the units digit of c?
8
Let l(s) be the third derivative of -131*s**5/60 + 5*s**4/24 - 2*s**3/3 - 9*s**2. Let a be l(2). What is the tens digit of a/(-13) + (-10)/(-65)?
4
Suppose -5*y - 6529 = -4*z - 1306, 0 = -5*z + 5*y + 6525. What is the units digit of (z/(-5))/(81/(-540))?
6
Suppose 0 = -654*p + 653*p - 33. Let i(f) = -2*f**3 - 64*f**2 + 24*f + 44. What is the tens digit of i(p)?
3
Let g(r) = 71*r + 90. Suppose 0 = 2*v + u - 7 + 1, -v = u - 1. What is the hundreds digit of g(v)?
4
Let a(n) = 5*n**2 + 16*n + 27. Suppose 2*p = 107 - 123. What is the hundreds digit of a(p)?
2
Suppose -27*z = -105732 - 75370 + 43213. What is the units digit of z?
7
Let u(y) = 3*y**2 + 14*y - 9. Suppose -r - i = 6, i = -r + 6*r + 54. Let b be u(r). Let c = b - 79. What is the tens digit of c?
7
Let t = 184 + -82. Let h = 78 + t. Suppose 10*i - h = 8*i. What is the units digit of i?
0
Suppose -2*r + 474*i + 7755 = 479*i, 0 = -2*r + i + 7737. What is the hundreds digit of r?
8
Let f = -817 - -654. Let p = f + 195. What is the tens digit of p?
3
Let o be (-198)/(-55)*-1*(1 - 6). Let f(y) = -y**3 + 23*y**2 + 24*y + 10. What is the units digit of f(o)?
2
Let q be 1 + (-1 - -1) - 188/(-47). Suppose -l = -3*s - 8, -q*s - 30 = -2*l - 3*l. Suppose -2*j + 101 = 4*r + 31, -29 = -2*r + l*j. What is the tens digit of r?
1
Let r = -3315 + 5016. Suppose 4*c + 439 = 85*l - 84*l, 5*c = 4*l - r. What is the units digit of l?
9
Suppose 42 = -7*l + 14. Let y be (2/l)/((-2)/4) + -5. Let t(u) = 3*u**2 + 2*u + 6. What is the tens digit of t(y)?
4
Suppose 0 = 3*o - 7*o + 556. Let k = o - -688. Suppose m = 4*a + 335 - k, -376 = -3*a - m. What is the tens digit of a?
2
Let c(k) = k**2 - 4*k + 7. Let w be c(3). Suppose -4*x - 5*a + 132 = 0, x - 35 + 2 = -w*a. What is the tens digit of x?
3
Let o = 524 + 259. What is the units digit of (-3 - o)*25/(-30)?
5
Let k = 40 - 39. Let f be ((-136)/16)/(k/(-2)). What is the units digit of 4 + -8 + f*4?
4
Let u be (673/2 - 4/8) + 2. What is the thousands digit of (-52)/u + 62328/39 + 0?
1
What is the tens digit of (0 - (-1368)/42)/((-8)/(-532))?
6
Suppose -6210 = -9*z + 4*z. Suppose -5*b - 2*a + z = 0, -b + 219 = -5*a - 51. What is the hundreds digit of b?
2
Let h(i) = 4*i + 70. Let g(t) = -5*t - 71. Let o(k) = 3*g(k) + 2*h(k). Suppose 3*r + 42 = -2*u - 23, 3*u - 6 = 0. What is the units digit of o(r)?
8
Suppose -3*u - 2*g + 17022 = 0, 37*u - 28370 = 32*u - g. What is the units digit of u?
4
Suppose 22*m + 30*m = 127617 + 604491. What is the tens digit of m?
7
Let w be (-2)/(-4)*(-2 + 2). Suppose w = 2*z - z - 3*a - 768, -4*a - 773 = -z. What is the tens digit of z?
5
Let t = -6675 + 4690. Let o = -869 - t. What is the hundreds digit of o?
1
Let a(i) = 4*i**3 - 3*i**2 + 4*i - 1. Let q be a(1). Suppose -q*w = f - 91, -3*f - 2*w + 336 = f. What is the tens digit of f?
8
Let u be (-9 + (-4)/20)*(-10)/1. Let o = u - 36. What is the tens digit of o?
5
Let c(b) = 165*b + 21. Let i be c(3). Suppose -o - i = -2*l - 8, 0 = l + o - 260. What is the hundreds digit of l?
2
Suppose 4*c - 18550 = -2*l + 4718, -2*l - 17437 = -3*c. What is the units digit of c?
5
Let g = 428 + 704. What is the units digit of g?
2
Let h(x) = -6*x**3 - 5*x**2 + 21*x - 77. What is the tens digit of h(-6)?
1
What is the hundreds digit of (-2)/88 + (-1949483390)/(-20680)?
2
Let b = -92 + 16. Let u = b + 77. What is the units digit of (4/u - 5)/(-1)?
1
Let z(y) = 69*y + 1. Let m be z(6). Let l = 10242 - 10409. Let d = m + l. What is the hundreds digit of d?
2
Suppose 5*w - 4*j - 85 = -41, -5*w + 3*j + 43 = 0. Suppose q - 18 = 8*x - 3*x, 3*x = -3*q. Let v = w + x. What is the units digit of v?
5
Let z = 5608 + 4430. What is the units digit of z?
8
Suppose 414*k - 161868 = 373*k. What is the thousands digit of k?
3
Suppose -133*x = -138*x - r + 264335, -2*r + 105734 = 2*x. What is the hundreds digit of x?
8
Let v(f) = -49*f**3 + 21*f**2 + f + 10. What is the units digit of v(-5)?
5
Let l be 4*(298/(-8) + -4). Let u = l + 85. Let s = u + 196. What is the units digit of s?
6
Let d(c) = -260*c + 304. What is the hundreds digit of d(-2)?
8
Let m be (6/15)/(2/(-1310)*-1). Suppose 6*s = 7*s - m. Suppose s = 4*h - 290. What is the tens digit of h?
3
Suppose -3530*u + 3508*u = -100100. What is the units digit of u?
0
Let f = 48 - 48. Let w(x) = -x**3 + x**2 + 67. Let t be w(f). Suppose -4*b = -5*r + 59, 2*b + t = r + 4*r. What is the tens digit of r?
1
What is the tens digit of 1590/(-20)*11/(66/(-184))?
3
Let l be 16/152 - (-6)/(-57). Suppose 14*i - 8*i - 3042 = l. What is the units digit of i?
7
Let j be -3 + (-48)/(-15) + 9/5. Suppose 505 = 3*u - 2*z, -u + j*z + 70 = -93. What is the hundreds digit of u?
1
Suppose -22*c = -49787 - 42063. What is the hundreds digit of c?
1
Let j = -2326 - -5739. What is the tens digit of j?
1
Suppose 29*b - 45*b + 116032 = 0. What is the hundreds digit of b?
2
Let v = -92 - -96. What is the hundreds digit of 11182/8 + 6/96*v?
3
Suppose 5*t = -13*t + 90. Suppose t*z - 298 - 1447 = 0. What is the tens digit of z?
4
Suppose 116*f = 111*f - 5. What is the tens digit of f + (-59)/(-1) + 5?
6
Let g(x) = x**2 + 23*x - 2. Let a be g(-23). Let b be ((-4)/(-10) - 2)/(a/45). What is the tens digit of 3/((-27)/(-66))*b/8?
3
Suppose -32*y + 3*x + 146828 = -30*y, 2*y - 146844 = x. What is the thousands digit of y?
3
Suppose 0 = -u - 3, -6*n + 3*n - 3*u - 36 = 0. Let v = -5 - n. Suppose l + v*l - 248 = -w, 4*w - 208 = -4*l. What is the tens digit of l?
4
What is the tens digit of (94935/(-4))/(231/(-308))?
4
Let p = 2228 + 17836. What is the ten thousands digit of p?
2
Let m = 64 - 116. Let n be m*(4/(-6))/(8/12). Suppose -263 = -2*a + x + n, 0 = x - 5. What is the tens digit of a?
6
Let t = 153 + -151. Suppose t*u + 2*c - 2735 = -1041, 5*c - 10 = 0. What is the tens digit of u?
4
Let k(c) = -70*c - 677 + 2036 - 689 - 702. What is the tens digit of k(-8)?
2
Let g(c) = -8*c 